{"id":76,"date":"2021-05-21T08:53:52","date_gmt":"2021-05-21T08:53:52","guid":{"rendered":"https:\/\/sktperfectdemo.com\/themepack\/packers\/?page_id=76"},"modified":"2026-03-06T12:26:02","modified_gmt":"2026-03-06T12:26:02","slug":"omdomen","status":"publish","type":"page","link":"https:\/\/bringhome.net\/?page_id=76","title":{"rendered":"Omd\u00f6men"},"content":{"rendered":"","protected":false},"excerpt":{"rendered":"","protected":false},"author":1,"featured_media":0,"parent":0,"menu_order":0,"comment_status":"closed","ping_status":"closed","template":"templates\/testimonials_template.php","meta":{"footnotes":""},"class_list":["post-76","page","type-page","status-publish","hentry"],"yoast_head":"<!-- This site is optimized with the Yoast SEO plugin v27.1.1 - https:\/\/yoast.com\/product\/yoast-seo-wordpress\/ -->\n<title>Flyttfirma Stockholm \u2013 Flytthj\u00e4lp &amp; Flyttst\u00e4dning | Bring Home<\/title>\n<meta name=\"description\" content=\"Bring Home \u00e4r en p\u00e5litlig flyttfirma i Stockholm som erbjuder professionell flyttservice och st\u00e4d. Trygg flytt, bra priser och snabb bokning.\" \/>\n<meta name=\"robots\" content=\"index, follow, max-snippet:-1, max-image-preview:large, max-video-preview:-1\" \/>\n<link rel=\"canonical\" href=\"https:\/\/bringhome.net\/?page_id=76\" \/>\n<meta property=\"og:locale\" content=\"en_US\" \/>\n<meta property=\"og:type\" content=\"article\" \/>\n<meta property=\"og:title\" content=\"Flyttfirma Stockholm \u2013 Flytthj\u00e4lp &amp; Flyttst\u00e4dning | Bring Home\" \/>\n<meta property=\"og:description\" content=\"Bring Home \u00e4r en p\u00e5litlig flyttfirma i Stockholm som erbjuder professionell flyttservice och st\u00e4d. Trygg flytt, bra priser och snabb bokning.\" \/>\n<meta property=\"og:url\" content=\"https:\/\/bringhome.net\/?page_id=76\" \/>\n<meta property=\"og:site_name\" content=\"Flyttfirma Stockholm \u2013 Flytthj\u00e4lp &amp; Flyttst\u00e4dning | Bring Home\" \/>\n<meta property=\"article:modified_time\" content=\"2026-03-06T12:26:02+00:00\" \/>\n<meta property=\"og:image\" content=\"https:\/\/bringhome.net\/wp-content\/uploads\/2026\/03\/Bring-Home-Logo-Photoroom.png\" \/>\n\t<meta property=\"og:image:width\" content=\"1270\" \/>\n\t<meta property=\"og:image:height\" content=\"613\" \/>\n\t<meta property=\"og:image:type\" content=\"image\/png\" \/>\n<meta name=\"twitter:card\" content=\"summary_large_image\" \/>\n<script type=\"application\/ld+json\" class=\"yoast-schema-graph\">{\"@context\":\"https:\/\/schema.org\",\"@graph\":[{\"@type\":\"WebPage\",\"@id\":\"https:\/\/bringhome.net\/?page_id=76\",\"url\":\"https:\/\/bringhome.net\/?page_id=76\",\"name\":\"Flyttfirma Stockholm \u2013 Flytthj\u00e4lp & Flyttst\u00e4dning | Bring Home\",\"isPartOf\":{\"@id\":\"https:\/\/bringhome.net\/#website\"},\"datePublished\":\"2021-05-21T08:53:52+00:00\",\"dateModified\":\"2026-03-06T12:26:02+00:00\",\"description\":\"Bring Home \u00e4r en p\u00e5litlig flyttfirma i Stockholm som erbjuder professionell flyttservice och st\u00e4d. Trygg flytt, bra priser och snabb bokning.\",\"breadcrumb\":{\"@id\":\"https:\/\/bringhome.net\/?page_id=76#breadcrumb\"},\"inLanguage\":\"en-US\",\"potentialAction\":[{\"@type\":\"ReadAction\",\"target\":[\"https:\/\/bringhome.net\/?page_id=76\"]}]},{\"@type\":\"BreadcrumbList\",\"@id\":\"https:\/\/bringhome.net\/?page_id=76#breadcrumb\",\"itemListElement\":[{\"@type\":\"ListItem\",\"position\":1,\"name\":\"Home\",\"item\":\"https:\/\/bringhome.net\/\"},{\"@type\":\"ListItem\",\"position\":2,\"name\":\"Omd\u00f6men\"}]},{\"@type\":\"WebSite\",\"@id\":\"https:\/\/bringhome.net\/#website\",\"url\":\"https:\/\/bringhome.net\/\",\"name\":\"Bring Home\",\"description\":\"\",\"publisher\":{\"@id\":\"https:\/\/bringhome.net\/#organization\"},\"alternateName\":\"Bring Home Sweden\",\"potentialAction\":[{\"@type\":\"SearchAction\",\"target\":{\"@type\":\"EntryPoint\",\"urlTemplate\":\"https:\/\/bringhome.net\/?s={search_term_string}\"},\"query-input\":{\"@type\":\"PropertyValueSpecification\",\"valueRequired\":true,\"valueName\":\"search_term_string\"}}],\"inLanguage\":\"en-US\"},{\"@type\":\"Organization\",\"@id\":\"https:\/\/bringhome.net\/#organization\",\"name\":\"Bring Home\",\"alternateName\":\"Bring Home Sweden\",\"url\":\"https:\/\/bringhome.net\/\",\"logo\":{\"@type\":\"ImageObject\",\"inLanguage\":\"en-US\",\"@id\":\"https:\/\/bringhome.net\/#\/schema\/logo\/image\/\",\"url\":\"https:\/\/bringhome.net\/wp-content\/uploads\/2026\/03\/Bring-Home-Logo-Photoroom.png\",\"contentUrl\":\"https:\/\/bringhome.net\/wp-content\/uploads\/2026\/03\/Bring-Home-Logo-Photoroom.png\",\"width\":1270,\"height\":613,\"caption\":\"Bring Home\"},\"image\":{\"@id\":\"https:\/\/bringhome.net\/#\/schema\/logo\/image\/\"}}]}<\/script>\n<!-- \/ Yoast SEO plugin. -->","yoast_head_json":{"title":"Flyttfirma Stockholm \u2013 Flytthj\u00e4lp & Flyttst\u00e4dning | Bring Home","description":"Bring Home \u00e4r en p\u00e5litlig flyttfirma i Stockholm som erbjuder professionell flyttservice och st\u00e4d. Trygg flytt, bra priser och snabb bokning.","robots":{"index":"index","follow":"follow","max-snippet":"max-snippet:-1","max-image-preview":"max-image-preview:large","max-video-preview":"max-video-preview:-1"},"canonical":"https:\/\/bringhome.net\/?page_id=76","og_locale":"en_US","og_type":"article","og_title":"Flyttfirma Stockholm \u2013 Flytthj\u00e4lp & Flyttst\u00e4dning | Bring Home","og_description":"Bring Home \u00e4r en p\u00e5litlig flyttfirma i Stockholm som erbjuder professionell flyttservice och st\u00e4d. Trygg flytt, bra priser och snabb bokning.","og_url":"https:\/\/bringhome.net\/?page_id=76","og_site_name":"Flyttfirma Stockholm \u2013 Flytthj\u00e4lp &amp; Flyttst\u00e4dning | Bring Home","article_modified_time":"2026-03-06T12:26:02+00:00","og_image":[{"width":1270,"height":613,"url":"https:\/\/bringhome.net\/wp-content\/uploads\/2026\/03\/Bring-Home-Logo-Photoroom.png","type":"image\/png"}],"twitter_card":"summary_large_image","schema":{"@context":"https:\/\/schema.org","@graph":[{"@type":"WebPage","@id":"https:\/\/bringhome.net\/?page_id=76","url":"https:\/\/bringhome.net\/?page_id=76","name":"Flyttfirma Stockholm \u2013 Flytthj\u00e4lp & Flyttst\u00e4dning | Bring Home","isPartOf":{"@id":"https:\/\/bringhome.net\/#website"},"datePublished":"2021-05-21T08:53:52+00:00","dateModified":"2026-03-06T12:26:02+00:00","description":"Bring Home \u00e4r en p\u00e5litlig flyttfirma i Stockholm som erbjuder professionell flyttservice och st\u00e4d. Trygg flytt, bra priser och snabb bokning.","breadcrumb":{"@id":"https:\/\/bringhome.net\/?page_id=76#breadcrumb"},"inLanguage":"en-US","potentialAction":[{"@type":"ReadAction","target":["https:\/\/bringhome.net\/?page_id=76"]}]},{"@type":"BreadcrumbList","@id":"https:\/\/bringhome.net\/?page_id=76#breadcrumb","itemListElement":[{"@type":"ListItem","position":1,"name":"Home","item":"https:\/\/bringhome.net\/"},{"@type":"ListItem","position":2,"name":"Omd\u00f6men"}]},{"@type":"WebSite","@id":"https:\/\/bringhome.net\/#website","url":"https:\/\/bringhome.net\/","name":"Bring Home","description":"","publisher":{"@id":"https:\/\/bringhome.net\/#organization"},"alternateName":"Bring Home Sweden","potentialAction":[{"@type":"SearchAction","target":{"@type":"EntryPoint","urlTemplate":"https:\/\/bringhome.net\/?s={search_term_string}"},"query-input":{"@type":"PropertyValueSpecification","valueRequired":true,"valueName":"search_term_string"}}],"inLanguage":"en-US"},{"@type":"Organization","@id":"https:\/\/bringhome.net\/#organization","name":"Bring Home","alternateName":"Bring Home Sweden","url":"https:\/\/bringhome.net\/","logo":{"@type":"ImageObject","inLanguage":"en-US","@id":"https:\/\/bringhome.net\/#\/schema\/logo\/image\/","url":"https:\/\/bringhome.net\/wp-content\/uploads\/2026\/03\/Bring-Home-Logo-Photoroom.png","contentUrl":"https:\/\/bringhome.net\/wp-content\/uploads\/2026\/03\/Bring-Home-Logo-Photoroom.png","width":1270,"height":613,"caption":"Bring Home"},"image":{"@id":"https:\/\/bringhome.net\/#\/schema\/logo\/image\/"}}]}},"_links":{"self":[{"href":"https:\/\/bringhome.net\/index.php?rest_route=\/wp\/v2\/pages\/76","targetHints":{"allow":["GET"]}}],"collection":[{"href":"https:\/\/bringhome.net\/index.php?rest_route=\/wp\/v2\/pages"}],"about":[{"href":"https:\/\/bringhome.net\/index.php?rest_route=\/wp\/v2\/types\/page"}],"author":[{"embeddable":true,"href":"https:\/\/bringhome.net\/index.php?rest_route=\/wp\/v2\/users\/1"}],"replies":[{"embeddable":true,"href":"https:\/\/bringhome.net\/index.php?rest_route=%2Fwp%2Fv2%2Fcomments&post=76"}],"version-history":[{"count":1,"href":"https:\/\/bringhome.net\/index.php?rest_route=\/wp\/v2\/pages\/76\/revisions"}],"predecessor-version":[{"id":607,"href":"https:\/\/bringhome.net\/index.php?rest_route=\/wp\/v2\/pages\/76\/revisions\/607"}],"wp:attachment":[{"href":"https:\/\/bringhome.net\/index.php?rest_route=%2Fwp%2Fv2%2Fmedia&parent=76"}],"curies":[{"name":"wp","href":"https:\/\/api.w.org\/{rel}","templated":true}]}}